00112200
In base 7, what is -4 + -402220?
-402224
In base 15, what is -5 - -8233?
822d
In base 2, what is -10101 - -10100000000001?
10011111101100
In base 14, what is -c48aa - -1?
-c48a9
In base 9, what is -3301088 - 3?
-3301102
In base 7, what is 3 + -11556?
-11553
In base 8, what is 455503 - 1?
455502
In base 8, what is -2 - 4300010?
-4300012
In base 14, what is 4 + -6b96?
-6b92
In base 11, what is 1 - -a607?
a608
In base 7, what is -4 - 2465111?
-2465115
In base 13, what is 68ca6 + 1a?
68cc3
In base 16, what is 722 + 3b?
75d
In base 15, what is -1 - 2ec0?
-2ec1
In base 9, what is -3 - 22315?
-22318
In base 14, what is 16060 - -55?
160b5
In base 2, what is 1011 + 100111000001010101?
100111000001100000
In base 14, what is -b4 + -2b?
-101
In base 9, what is 10182 - 8?
10173
In base 5, what is 4 - 1314341?
-1314332
In base 3, what is 2 + 121001200221?
121001201000
In base 16, what is -968e + f?
-967f
In base 10, what is 578 + -572?
6
In base 15, what is 14 - 49763?
-4974e
In base 14, what is -703b + -23?
-7060
In base 3, what is 21212 - -101002112?
101101101
In base 12, what is 55b73 - -2?
55b75
In base 15, what is -621528 - 3?
-62152b
In base 15, what is 0 + 35a3?
35a3
In base 6, what is -13045 + 141?
-12504
In base 16, what is -f9 + 39?
-c0
In base 6, what is 3 - -4323415?
4323422
In base 3, what is 0 - 1120111?
-1120111
In base 12, what is -8 - -25699?
25691
In base 8, what is 56 + -44770?
-44712
In base 5, what is 10042 + -2043?
2444
In base 11, what is -12 + -2a?
-41
In base 11, what is 939 - -1628?
2466
In base 13, what is 100a - -30?
103a
In base 5, what is -23221314 + 3?
-23221311
In base 8, what is -2663 + 426?
-2235
In base 5, what is 22 - 1040423?
-1040401
In base 12, what is 3 - 6589?
-6586
In base 9, what is -4 - 42522?
-42526
In base 3, what is -2 - 201021022022?
-201021022101
In base 11, what is -2 + 121917?
121915
In base 11, what is -a7 + -16820?
-16917
In base 2, what is 11 - 100010000000010?
-100001111111111
In base 15, what is 5 - -32a5?
32aa
In base 15, what is -1b5a3 - 32?
-1b5d5
In base 3, what is 10 + 120121201?
120121211
In base 12, what is -24 + 2a82?
2a5a
In base 12, what is 186a + 124?
1992
In base 15, what is -d - 7d9?
-7e7
In base 7, what is -514116 + -4?
-514123
In base 9, what is -5 - -537567?
537562
In base 10, what is 427 - 436?
-9
In base 15, what is -a26a + 2e?
-a23b
In base 2, what is 1000 - -1001001101110?
1001001110110
In base 4, what is 330311332 + -1?
330311331
In base 6, what is 21401 - -4?
21405
In base 8, what is 56 - 27113?
-27035
In base 5, what is -23403434 + -10?
-23403444
In base 9, what is -6727 - 4?
-6732
In base 5, what is -340 + -4230?
-10120
In base 12, what is -30a + -152?
-460
In base 8, what is -3 - -23762?
23757
In base 9, what is -30226 - 42?
-30268
In base 8, what is 16 - -53605?
53623
In base 13, what is -bc5 - -c4?
-b01
In base 9, what is 133410 - -22?
133432
In base 14, what is -1b4 + 180?
-34
In base 9, what is 4 + 3351375?
3351380
In base 14, what is -109 - 5b?
-166
In base 9, what is -2 + 62653?
62651
In base 14, what is 33a5 + -6?
339d
In base 15, what is -5 + 5cb6?
5cb1
In base 8, what is 5 - -2607416?
2607423
In base 12, what is -82 + 1236?
1174
In base 4, what is 201022 + 11?
201033
In base 2, what is 101 + 1010001011011?
1010001100000
In base 13, what is -143b1 - 3?
-143b4
In base 4, what is -10 + -230331223?
-230331233
In base 5, what is -3 - -11304?
11301
In base 9, what is -476 - 266?
-753
In base 4, what is -1110330 + 1332?
-1102332
In base 15, what is -28d - -42?
-24b
In base 15, what is 16c1 + -c?
16b4
In base 10, what is -7588 - -36?
-7552
In base 7, what is 24031 + -360?
23341
In base 16, what is -14e45 + 8?
-14e3d
In base 7, what is -22354266 - 0?
-22354266
In base 16, what is 295cf + -3?
295cc
In base 8, what is -13 + 2151?
2136
In base 11, what is -3 - -152332?
15232a
In base 11, what is 5 - -10690?
10695
In base 15, what is 498c - -19?
49a6
In base 15, what is -18c8 - ea?
-19c3
In base 2, what is 1011111 - 101001001?
-11101010
In base 5, what is -1 + -40134032?
-40134033
In base 4, what is -21111 - -132320?
111203
In base 4, what is 10333 - 320?
10013
In base 12, what is 135a91 - 5?
135a88
In base 16, what is 20e + 38?
246
In base 3, what is -11222201211 - 1?
-11222201212
In base 15, what is -9560 + -3?
-9563
In base 9, what is -132 + -433?
-565
In base 5, what is 31022 - -132?
31204
In base 15, what is -1 - -214e4?
214e3
In base 3, what is 1 - 20011201212?
-20011201211
In base 3, what is 1110110021 + 0?
1110110021
In base 6, what is -100 + -1350221?
-1350321
In base 15, what is -427a + -3?
-427d
In base 16, what is -1ea093 + -4?
-1ea097
In base 4, what is 122132 + -222?
121310
In base 6, what is -321001 + 4?
-320553
In base 15, what is a62 + -43e?
623
In base 13, what is 16c51 - 4?
16c4a
In base 9, what is 3461 + 30?
3501
In base 9, what is 34225 - -2?
34227
In base 6, what is 15250 - 2132?
13114
In base 11, what is 2 - 55326?
-55324
In base 11, what is 2 - -64491?
64493
In base 4, what is -1112 + -230320?
-232032
In base 11, what is 1 - -36673?
36674
In base 11, what is 2a - 21877?
-21848
In base 12, what is -2a - 1a09?
-1a37
In base 15, what is -1 + -602?
-603
In base 11, what is -44 + 6280?
6237
In base 12, what is 13 + 271a8?
271bb
In base 4, what is 11013221 + 0?
11013221
In base 14, what is b + -706?
-6d9
In base 8, what is 67661 - -5?
67666
In base 3, what is -1212010010212 - 20?
-1212010011002
In base 5, what is -4 - -4101243?
4101234
In base 5, what is -142 - -12?
-130
In base 5, what is 103241 + 1210?
110001
In base 8, what is 1 + -127417?
-127416
In base 8, what is -7276 + 166?
-7110
In base 5, what is -10 - 2021114?
-2021124
In base 13, what is 536 + b?
544
In base 12, what is -475 - -22?
-453
In base 6, what is -2 - 2532441?
-2532443
In base 15, what is 20 + -59da?
-59ba
In base 5, what is -1 + -121300113?
-121300114
In base 3, what is 2021 + -1002110?
-1000012
In base 3, what is -11 + 221022121?
221022110
In base 8, what is 47634 + 1?
47635
In base 15, what is -8 - cacb?
-cad4
In base 8, what is -175336 + 3?
-175333
In base 7, what is 5 + -2344?
-2336
In base 2, what is -11010011010010111 + 100110?
-11010011001110001
In base 6, what is 40 + -1232325?
-1232245
In base 15, what is 17 - -d56?
d6d
In base 4, what is -3 + -33000321?
-33000330
In base 5, what is -23 - 233203?
-233231
In base 9, what is -54 + -12065?
-12130
In base 6, what is 2 - -10525020?
10525022
In base 5, what is -1022142 + 10?
-1022132
In base 6, what is 3 - -13112013?
13112020
In base 7, what is 61 + 15125?
15216
In base 2, what is 10 - -1011001100001?
1011001100011
In base 8, what is 1474345 - 4?
1474341
In base 6, what is 1 + -412342?
-412341
In base 14, what is 76 + -26?
50
In base 14, what is -54 - 3243?
-3297
In base 9, what is -5 + 27577?
27572
In base 5, what is 4024344 + -1?
4024343
In base 16, what is -1 - -68d3?
68d2
In base 16, what is 81 - ce7?
-c66
In base 7, what is 21 + 45101?
45122
In base 16, what is -2d5f - 5?
-2d64
In base 11, what is -26 - -4473?
4448
In base 16, what is -cd5 - -6?
-ccf
In base 3, what is -12010100221 + 1?
-12010100220
In base 5, what is 4 - 112020?
-112011
In base 12, what is -3780 + 2?
-377a
In base 11, what is 4 - 34929?
-34925
In base 8, what is 13622356 + -5?
13622351
In base 10, what is 1589 - 81?
1508
In base 13, what is 41 + 95?
106
In base 11, what is -68a - -179?
-511
In base 13, what is -3158 + -5?
-3160
In base 13, what is -5 + a33a?
a335
In base 2, what is -100 + 1111010100011001?
1111010100010101
In base 3, what is -101 - 11201012?
-11201120
In base 6, what is -5051 - 51?
-5142
In base 9, what is 670263 + -1?
670262
In base 11, what is 1 - 5952?
-5951
In base 12, what is -40a79 + -5?
-40a82
In base 2, what is -1010101110 + -1101011?
-1100011001
In base 5, what is -40 - 121?
-211
In base 11, what is 0 + 1659?
1659
In base 16, what is -525 + 45?
-4e0
In base 5, what is -140 - 12223?
-12413
In base 9, what is 10544 - 11?
10533
In base 2, what is -101 - -101101101101?
101101101000
In base 3, what is -12 - 11121000?
-11121012
In base 4, what is -22102001 + -103?
-22102110
In base 4, what is -1 + 322203?
322202
In base 11, what is -33 - -36914?
36891
In base 15, what is -958e + -2?
-9591
In base 3, what is -1001101 + -102?
-1001210
